n(c) = -5*c - 60. What is n(-8)?
-20
Let s(g) = g**2 - 7*g - 10. What is s(7)?
-10
Let t(i) = 22*i + 6. Determine t(-5).
-104
Let n(v) = v**2 + 8*v - 1. Determine n(-8).
-1
Let f(h) = -h**3 + h**2 - 1. Determine f(0).
-1
Let s(w) = -8*w. Determine s(4).
-32
Let l(z) = -19*z**2 - z. Give l(-1).
-18
Let m(n) = n**3 - 11*n**2 - 16*n + 9. Give m(12).
-39
Let o(g) = 4*g**2 - 57*g - 44. Give o(15).
1
Let g(y) = -y**3 + 9*y**2 + 8*y + 14. Calculate g(10).
-6
Let i(j) = 7*j + 54. Give i(-8).
-2
Let p(u) = -31*u**2 + 8*u - 2. Determine p(2).
-110
Let c(r) = r**2 - 2*r. Calculate c(2).
0
Let l(n) = -2*n**3 + 32*n**2 + n - 12. Calculate l(16).
4
Let z(u) = 11*u + 142. What is z(-13)?
-1
Let l(n) = n**2 - 9*n - 73. Give l(-5).
-3
Let j(q) = 2*q + 9. Determine j(-9).
-9
Let b(h) = 5*h**2 - 1. Calculate b(-2).
19
Let b(h) = 32*h + 5. Calculate b(1).
37
Let n(c) = -10*c - 20. Determine n(-6).
40
Let j(f) = -f**3 - f**2 - 51. What is j(0)?
-51
Let j(h) = h**2 + 10*h - 16. Determine j(-11).
-5
Let b(r) = -6*r + 1. What is b(7)?
-41
Let z(k) = 58*k + 292. Calculate z(-5).
2
Let l(j) = j**2 + 42*j - 130. Give l(-45).
5
Let r(l) = l - 20. What is r(13)?
-7
Let m(b) = -b + 25. Give m(0).
25
Let a(n) = -n**3 + 21*n**2 + 22*n - 17. Determine a(22).
-17
Let n(k) = k**2 + 26*k - 62. What is n(-28)?
-6
Let o(b) = b**3 + b**2 + b - 16. Give o(0).
-16
Let c(w) = 38*w**3 + 2*w**2 - 1. Give c(-1).
-37
Let j(l) = -l**3 - 10*l**2 - 17*l - 7. Calculate j(-8).
1
Let s(y) = 10*y + 23. Determine s(-4).
-17
Let r(f) = -f + 17. Determine r(8).
9
Let f(h) = h**2 + 7*h - 45. Determine f(4).
-1
Let m(i) = i + 17. Calculate m(-14).
3
Let m(f) = 6*f**2 - 11*f - 1. Calculate m(2).
1
Let l(n) = 2*n + 33. What is l(23)?
79
Let l(i) = -2*i**2 + 7*i + 5. Calculate l(4).
1
Let m(x) = -x**2 + 14*x - 50. Determine m(7).
-1
Let x(u) = -6*u**2 - 6*u - 9. Determine x(-2).
-21
Let p(z) = -z + 45. Calculate p(0).
45
Let z(b) = b**3 - 11*b**2 - 2*b + 16. Give z(11).
-6
Let c(x) = 3*x**2 - 22*x + 28. Determine c(7).
21
Let v(u) = -12*u**2 - 10*u - 3. What is v(-1)?
-5
Let q(a) = -4*a**3 + 26*a**2 - 13*a - 10. Determine q(6).
-16
Let f(n) = n**3 + 16*n**2 - 18. Calculate f(-16).
-18
Let o(q) = -q**3 - 11*q**2 + 12*q + 13. What is o(-12)?
13
Let k(d) = -d**3 - 13*d**2 - 25*d - 28. Determine k(-11).
5
Let a(u) = u**3 + u**2 + u - 32. Calculate a(0).
-32
Let x(b) = 25*b**2 + 2*b - 2. What is x(1)?
25
Let q(w) = w**3 + 15*w**2 + 2*w + 32. Determine q(-15).
2
Let k(r) = r**3 + 7*r**2 - 7*r + 9. Determine k(-8).
1
Let i(w) = -w**3 + 39*w**2 + 83*w - 40. Determine i(41).
1
Let i(f) = 5*f**2 + 21*f - 21. Determine i(-5).
-1
Let f(s) = 5*s + 145. Determine f(-29).
0
Let c(o) = -6*o + 3. What is c(7)?
-39
Let x(n) = -67*n**3 + n**2 + 2*n + 2. What is x(-1)?
68
Let v(q) = -58*q + 11. Calculate v(-1).
69
Let u(d) = d**3 + 8*d**2 + 13*d + 9. Determine u(-6).
3
Let w(v) = -v**2 + 4*v + 22. What is w(6)?
10
Let p(n) = -n**3 + 28*n**2 + n + 5. Give p(28).
33
Let b(a) = -59*a + 298. Calculate b(5).
3
Let g(m) = m**2 - 6*m - 8. Calculate g(-4).
32
Let j(i) = -9*i - 10. Give j(14).
-136
Let g(s) = -s**2 - 4*s + 133. Determine g(-14).
-7
Let m(t) = -t**2 - t - 8. Calculate m(0).
-8
Let l(a) = 11*a - 3. Determine l(3).
30
Let v(w) = 5*w**2 - 47*w + 14. Give v(9).
-4
Let u(q) = -q**3 - 6*q**2 + 8*q - 2. Determine u(-7).
-9
Let i(z) = z**3 + 14*z**2 - 30*z - 1. Give i(-16).
-33
Let a(j) = 9*j - 151. Give a(17).
2
Let i(t) = 17*t**2 - 11*t - 12. Determine i(-1).
16
Let v(o) = o**2 - 17*o - 45. Calculate v(19).
-7
Let l(g) = -g**2 + 9*g - 3. Calculate l(7).
11
Let d(t) = 2*t - 41. What is d(17)?
-7
Let x(w) = -55*w + 11. Determine x(-1).
66
Let w(l) = -10*l - 9. Give w(8).
-89
Let k(c) = -3*c**2 - 4*c - 2. Calculate k(-2).
-6
Let d(a) = -2*a + 116. Give d(54).
8
Let i(u) = u**2 - 4*u + 9. Calculate i(4).
9
Let h(p) = -p**3 - 4*p**2 - 17. What is h(-6)?
55
Let f(w) = w**2 + 14*w - 84. What is f(-19)?
11
Let r(g) = -10*g**3 - 4*g**2 + 6*g + 9. What is r(-1)?
9
Let v(x) = 16*x**2 + 2*x + 1. What is v(-1)?
15
Let i(s) = s**2 - 6*s + 28. Determine i(7).
35
Let w(s) = s - 2. Give w(-6).
-8
Let o(c) = c**2 + 12*c - 17. Give o(-14).
11
Let y(n) = 20*n - 2. Give y(-2).
-42
Let z(i) = -2*i**2 - 18*i + 41. Determine z(3).
-31
Let v(t) = -9*t + 11. What is v(4)?
-25
Let h(p) = p**3 + 4*p**2 - 15*p - 15. What is h(-6)?
3
Let w(h) = -h**3 - 9*h**2 + 4*h + 5. Give w(4).
-187
Let v(u) = -u**2 - 12*u - 12. What is v(-10)?
8
Let i(r) = r**2 + 11*r - 7. Give i(-10).
-17
Let s(r) = 66*r - 132. What is s(2)?
0
Let r(c) = -c - 8. Calculate r(-10).
2
Let h(t) = -t**3 + 4*t**2 - t + 4. Give h(2).
10
Let z(b) = -b**3 + 7*b**2 - 8*b + 15. Calculate z(7).
-41
Let s(l) = l**2 - 15*l - 102. What is s(20)?
-2
Let p(s) = -7*s + 52. Calculate p(7).
3
Let s(d) = 2*d**3 - 16*d**2 + 7*d + 43. Calculate s(7).
-6
Let i(x) = -2*x**3 + 3*x**2 - x. Give i(3).
-30
Let n(j) = -2*j**2 + 6*j + 41. Calculate n(8).
-39
Let w(h) = 13*h**2 + 2*h - 1. What is w(1)?
14
Let p(y) = y**3 - 6*y**2 + 4*y - 1. Calculate p(5).
-6
Let h(p) = 2*p + 47. What is h(14)?
75
Let l(t) = -13*t**2 - 2*t + 3. Give l(1).
-12
Let o(x) = -2*x + 1. Calculate o(7).
-13
Let w(u) = 27*u**3 - 2*u**2 + u. What is w(1)?
26
Let z(h) = -h**3 + 4*h**2 + 5*h + 11. Determine z(5).
11
Let b(w) = -28*w - 532. What is b(-19)?
0
Let h(i) = 2*i**2 - 33*i + 67. Give h(14).
-3
Let y(w) = -4*w - 5. Determine y(-8).
27
Let q(n) = n**3 + 3*n**2 - 11*n + 5. Give q(-5).
10
Let h(n) = n**2 + 11*n + 1. Calculate h(-9).
-17
Let x(q) = 11*q + 9. What is x(2)?
31
Let r(k) = 8*k + 4. Determine r(3).
28
Let l(c) = 4*c - 9. Give l(4).
7
Let f(j) = -j - 37. Give f(-8).
-29
Let z(w) = 9*w + 25. Determine z(-5).
-20
Let b(z) = -z**2 - 12*z + 12. Determine b(-13).
-1
Let z(q) = -35*q - 137. Determine z(-5).
38
Let x(u) = -4*u + 5. Calculate x(-8).
37
Let d(g) = 8*g**2 - 2*g - 1. Calculate d(-1).
9
Let y(z) = 17*z - 741. Give y(43).
-10
Let v(g) = -g**2 - 9*g - 18. Determine v(-7).
-4
Let h(u) = -u**3 - 7*u**2 - 3*u + 9. Calculate h(-4).
-27
Let l(n) = -n**2 - 3*n + 5. Give l(3).
-13
Let p(g) = g**3 - 6*g**2 + 3*g - 10. Calculate p(6).
8
Let y(j) = -4*j + 3. Give y(-1).
7
Let u(f) = f**2 - 4*f - 189. What is u(16)?
3
Let o(q) = 3*q**3 - 140*q**2 + 87*q + 229. What is o(46)?
-1
Let v(p) = 6*p + 7. Calculate v(6).
43
Let v(m) = -m + 2. Give v(-8).
10
Let x(q) = 9*q - 1. Give x(-1).
-10
Let r(c) = -11*c**2 + 19. Give r(3).
-80
Let m(i) = -i**3 + 13*i**2 + i - 18. Determine m(13).
-5
Let g(v) = v**3 - 7*v**2 - 12*v - 1. What is g(9)?
53
Let s(j) = 37*j - 9. Calculate s(-3).
-120
Let w(r) = -r**2 + 2*r + 5. Give w(3).
2
Let q(l) = l**3 + 4*l**2 - 5*l + 9. Calculate q(-5).
9
Let v(o) = -o**2 + 8*o - 3. What is v(10)?
-23
Let x(c) = 8*c + 3. Give x(7).
59
Let q(l) = -l**3 - 2*l**2 + 5*l - 4. What is q(3)?
-34
Let i(w) = -w**2 - 5*w + 20. Calculate i(-9).
-16
Let b(z) = 18*z**2 + z. Calculate b(-1).
17
Let w(m) = -m**2 - 15*m + 2. Calculate w(-11).
46
Let m(g) = g**3 + 24*g**2 + 24*g + 17. Determine m(-23).
-6
Let k(c) = -3*c - 7. What is k(-6)?
11
Let w(g) = 13*g + 43. Give w(-3).
4
Let l(b) = -b**3 - 19*b**2 + 19*b - 13. Give l(-20).
7
Let y(p) = 2*p**2 + 8*p - 9. What is y(-7)?
33
Let f(o) = o**2 - 4*o - 3. What is f(-3)?
18
Let b(x) = 6*x**2 + 4*x - 1. Calculate b(-3).
41
Let g(x) = -3*x + 5. What is g(3)?
-4
Let s(m) = -2*m + 99. Give s(56).
-13
Let t(k) = -38*k**2 - 2*k + 1. Determine t(1).
-39
Let n(k) = 5*k - 16. Give n(10).
34
Let o(v) = 37*v - 6. Calculate o(3).
105
Let u(l) = -11*l. Determine u(-1).
11
Let y(q) = q**2 + 4*q. Determine y(-8).
32
Let g(r) = r**3 - 6*r**2 - r + 8. Determine g(5).
-22
Let u(l) = l**3 + 22*l**2 - 22*l + 18. What is u(-23)?
-5
Let s(x) = -x**2 + 4*x + 30. Determine s(8).
-2
Let k(y) = 3*y + 6. What is k(2)?
12
Let r(n) = -6*n + 42. Give r(7).
0
Let k(t) = t**3 - t**2 - 8. Calculate k(0).
-8
Let a(s) = -s + 23. What is a(-17)?
40
Let a(p) = -p + 8. Give a(10).
-2
Let x(l) = -2*l**2 - 32*l - 117. Give x(-5).
-7
Let l(z) = z**3 - 6*z**2 + 3*z - 5. What is l(6)?
13
Let b(q) = 2*q**2 - 33*q - 210. Give b(-5).
5
Let x(a) = -a**2 - 2*a + 17. Calculate x(4).
-7
Let i(y) = 15*y - 4. Determine i(-1).
-19
Let r(h) = -h**3 - 22*h**2 - 39*h + 20. Give r(-20).
0
Let r(g) = g**3 + 4*g**2 - g - 2. Determine r(-5